-10ba0a
What is 10103213312 (base 4) in base 14?
2155d4
What is f647c (base 16) in base 15?
14dd5e
What is -1202221002120 (base 3) in base 8?
-3462443
What is 22034033 (base 6) in base 14?
131acd
Convert -6b376 (base 13) to base 10.
-196137
-168212 (base 10) to base 12
-81418
What is -10433226 (base 7) in base 11?
-564583
110021323 (base 4) to base 5
10120210
Convert 32274 (base 15) to base 5.
20043214
-2b093 (base 15) to base 6
-2545133
Convert a4938 (base 15) to base 12.
211b98
Convert eeee (base 15) to base 3.
2120102222
-63b6 (base 13) to base 15
-4178
2229418 (base 10) to base 7
24643522
-40560013 (base 8) to base 5
-4143431120
Convert 110113111 (base 4) to base 11.
57740
-132313220 (base 4) to base 14
-34116
Convert 535354254 (base 6) to base 11.
53aaa53
Convert -83ade (base 16) to base 3.
-1000101212020
e5ae (base 15) to base 6
1012415
Convert 1001100111001010101001 (base 2) to base 5.
1121112341
Convert -598702 (base 11) to base 12.
-398ab5
What is 2b07 (base 15) in base 12?
5414
Convert -8510213 (base 10) to base 12.
-2a24a85
What is 130503 (base 8) in base 12?
22317
-907a4 (base 16) to base 3
-1010001202210
Convert 1221202012022 (base 3) to base 6.
34130355
What is -101216331 (base 7) in base 12?
-1b963b0
What is -1370480 (base 10) in base 4?
-11032211300
46236025 (base 8) to base 11
5739aa5
-320333223 (base 4) to base 7
-1661421
Convert 232247 (base 8) to base 16.
134a7
Convert -108564 (base 15) to base 14.
-16704a
3565a7 (base 11) to base 3
1001201010101
561432 (base 7) to base 13
360a8
Convert 10122102032 (base 4) to base 2.
100011010010010001110
What is -1464052 (base 8) in base 10?
-419882
What is 101010110111100110011 (base 2) in base 10?
1404723
What is 5a2668 (base 13) in base 15?
2c64b4
What is 14b7085 (base 12) in base 2?
10000000110101010100101
What is -110303201 (base 4) in base 12?
-41395
100202201002222 (base 3) to base 9
10681088
Convert 934328 (base 15) to base 2.
11010101101000110001111
Convert 3605a (base 15) to base 16.
2a0b2
What is -32102323313 (base 4) in base 2?
-1110010010111011110111
25712 (base 8) to base 10
11210
-3667473 (base 9) to base 2
-111100110101100000100
-2741254 (base 8) to base 5
-144130412
339514 (base 11) to base 12
22038b
Convert 145104 (base 7) to base 14.
a3ab
23476652 (base 8) to base 15
6b921d
What is -3c523 (base 13) in base 5?
-12103141
Convert -103352 (base 7) to base 12.
-a518
What is 1620465 (base 10) in base 3?
10001022212020
Convert 100081 (base 11) to base 5.
20124030
Convert 1001001110111001 (base 2) to base 10.
37817
What is 1522505 (base 9) in base 7?
10103603
1135068 (base 9) to base 6
21054012
What is -52b35 (base 12) in base 8?
-324331
Convert 3670637 (base 9) to base 7.
22646341
Convert 111104224 (base 5) to base 6.
14243320
12036616 (base 7) to base 16
104d79
Convert 13e672 (base 16) to base 5.
313213203
Convert -11db58 (base 15) to base 8.
-3210561
Convert -22011212220 (base 3) to base 13.
-583a7
What is 4443144113 (base 5) in base 14?
1417a85
What is -588aa (base 11) in base 7?
-502433
What is 56b5f (base 16) in base 11?
22292a
-2416435 (base 11) to base 4
-100003330223
6141160 (base 10) to base 9
12500071
What is -434405 (base 9) in base 15?
-51b9e
What is -4b8d6 (base 14) in base 11?
-1174a1
What is -112101101220 (base 3) in base 7?
-2256333
What is 1a176 (base 15) in base 8?
245347
Convert 11330232300 (base 4) to base 10.
1559472
Convert -27b936 (base 14) to base 7.
-14462166
53a281 (base 11) to base 4
3102221203
63916 (base 15) to base 2
1001101001000010001
Convert 113235336 (base 7) to base 5.
3241441442
What is 10212122020 (base 3) in base 14?
1db29
-19528dd (base 15) to base 16
-11a1663
What is 65a116 (base 16) in base 8?
31320426
Convert -10db717 (base 15) to base 12.
-406b094
Convert -11112220210020 (base 3) to base 7.
-26364426
What is 33301303 (base 5) in base 7?
2320616
Convert 123545 (base 9) to base 2.
10010010000110100
Convert 451652 (base 7) to base 6.
1413535
What is -4bc83 (base 14) in base 11?
-117a88
Convert -5b0900 (base 15) to base 12.
-1560853
Convert -1784774 (base 9) to base 16.
-f4576
Convert -49692 (base 11) to base 8.
-213312
-23200214 (base 7) to base 15
-2a28db
What is -23301540 (base 6) in base 10?
-723588
-10211210220220 (base 3) to base 12
-826596
What is -41221312 (base 5) in base 6?
-11110440
What is 3320201100 (base 4) in base 6?
33452400
-41abc5 (base 15) to base 2
-1011111010110100110111
231b64 (base 13) to base 11
519444
What is 5c6b2 (base 16) in base 12?
163096
-203302311 (base 4) to base 13
-5196c
What is -7757352 (base 8) in base 4?
-13331323222
Convert -1532565 (base 7) to base 5.
-23203430
Convert -201010200221 (base 3) to base 12.
-161b97
2323003101 (base 4) to base 11
4836a0
Convert 14151 (base 6) to base 11.
1745
46541 (base 11) to base 13
24783
Convert -110111101210010 (base 3) to base 11.
-3826561
What is 11010110100000000110001 (base 2) in base 3?
111020002200101
166309 (base 11) to base 10
257255
Convert 11c270b (base 13) to base 10.
5546422
2732861 (base 12) to base 14
106774d
Convert -6dd26a (base 16) to base 3.
-111112122211022
What is -30b756 (base 14) in base 2?
-110010001101000110000
What is 1b9705 (base 16) in base 2?
110111001011100000101
What is 232501220 (base 6) in base 11?
2499387
10131003101 (base 4) to base 13
31b590
What is 3434324 (base 8) in base 3?
1202100112110
What is 200a300 (base 11) in base 2?
1101100100010110111011
What is -1cda3 (base 16) in base 12?
-58483
Convert -4ee97 (base 15) to base 14.
-68306
What is 2ae553 (base 15) in base 10?
2073453
-240464 (base 8) to base 11
-56863
What is -435311 (base 7) in base 6?
-1345125
Convert 806d4 (base 14) to base 3.
120200102222
410424023 (base 5) to base 10
1654888
Convert -543305 (base 7) to base 4.
-113021210
What is -232043 (base 7) in base 15?
-c48e
What is 4885c6 (base 16) in base 13?
ca543c
What is -6280a (base 13) in base 10?
-177122
Convert e6941 (base 16) to base 11.
595640
What is 7152174 (base 10) in base 15?
964269
a717ba (base 14) to base 8
25435750
Convert 5dbea (base 15) to base 8.
1111257
What is 317404 (base 9) in base 4?
232023103
-1010002023 (base 4) to base 14
-737ab
10011100111011010 (base 2) to base 4
103213122
Convert 49634 (base 10) to base 15.
ea8e
Convert 11112 (base 13) to base 3.
1120110000
Convert -24c56a (base 14) to base 3.
-2101011221102
Convert -378865 (base 9) to base 14.
-5d96d
-99859 (base 11) to base 6
-3034140
Convert -2986182 (base 11) to base 13.
-10a2661
Convert 3d3897 (base 16) to base 10.
4012183
Convert 13149 (base 16) to base 6.
1401453
What is -77ca2 (base 15) in base 9?
-640378
-111121010021 (base 3) to base 9
-447107
What is -421443443 (base 5) in base 14?
-3379cd
Convert -742005 (base 8) to base 16.
-3c405
1121000202202 (base 3) to base 9
1530682
156003 (base 10) to base 16
26163
Convert 2841a7 (base 13) to base 16.
ef4c8
Convert -1013200320 (base 4) to base 11.
-190091
101111000001101100001 (base 2) to base 9
2807718
19939a (base 12) to base 11
289298
-400044202 (base 5) to base 13
-42a781
Convert -340243 (base 10) to base 11.
-2126a2
What is -580304 (base 9) in base 8?
-1247514
Convert -145629 (base 10) to base 11.
-9a460
-305410 (base 11) to base 16
-77b3f
Convert 306a (base 12) to base 6.
40214
Convert bd399d (base 14) to base 10.
6425607
What is -113c041 (base 14) in base 5?
-4100344333
Convert -505122 (base 9) to base 4.
-1020333233
Convert 68638 (base 14) to base 3.
110212222100
What is 1132011203 (base 4) in base 13?
106547
What is faac (base 16) in base 12?
31178
What is 321021244 (base 6) in base 13?
1229ba5
Convert -9d0c3 (base 15) to base 2.
-1111001111111100011
1101150 (base 7) to base 14
37227
-376530 (base 10) to base 5
-44022110
Convert -23010115 (base 9) to base 15.
-ea8ab2
What is 431002 (base 6) in base 5?
2111320
-214c18 (base 16) to base 11
-126054a
What is -1706225 (base 8) in base 7?
-4130252
41212 (base 11) to base 6
1142250
What is -243202230 (base 5) in base 16?
-118136
Convert 22241425 (base 7) to base 3.
10121212012021
What is -5a042 (base 12) in base 15?
-25cc5
-a5687 (base 16) to base 6
-22304343
What is -1032041 (base 5) in base 15?
-53eb
What is 112204043 (base 5) in base 6?
14510101
Convert 6db009 (base 15) to base 16.
5021b5
885743 (base 9) to base 14
dab91
-124371 (b